- (-1 - 6).
-28
Evaluate (2 - (-1 - -2)) + (-90 + 69 - (-8 + -69)).
57
Calculate (-1 - -7) + -2 - (49 + -43) - (-52 + 9).
41
113 - (35 - (-37 + -6 + 69))
104
Evaluate 1013 + -1007 + (-3 + (5 - 5) - 21).
-18
Calculate (1397 - 1317) + -88 + 2.
-6
Evaluate -11 + (1 + -3 - 1) + -2.
-16
What is the value of (-2 + -8 - 0 - (230 - 232) - 3) + 0?
-11
-203 + 238 - (1 - (1 - 144))
-109
What is the value of 5 - 1 - 7 - ((-6 + 16 - -11) + 69)?
-93
What is the value of (5 - (-5 + (28 - 28 - (0 + 42)))) + -10?
42
49 - (44 + -72 - -82) - (-28 + (-1 - 0))
24
(18 - 21 - (-1 - -1)) + (88 - -12 - 38)
59
Calculate -31 - (-23 - 8 - -6).
-6
Evaluate (-14 - (-11 + 8)) + 31 - (191 - 45).
-126
Calculate (-341 - -382) + 1 + -33.
9
30 + -24 + -75 + 35
-34
Calculate -34 - (1 + -19) - (0 - -4 - 22).
2
Evaluate -11 + (39 - (11 + -2 + -29)).
48
What is 14 + -6 + -20 + 14 + 8 + 5?
15
What is the value of (-17 - -79 - 16) + (-26 - -4)?
24
What is the value of 27 - (31 + (27 - 1) + -1)?
-29
What is -10 - 147 - (1096 - 1186)?
-67
What is the value of -19 + (-118 - -74) + -8?
-71
Evaluate -4 - (-8 + 3 + (-12 - -25) + -19).
7
What is 294 + -358 + (79 - -27)?
42
What is the value of 8 + 16 + -1 + 7 + (26 - 11 - 15)?
30
Evaluate -7 + (35 - 23) + -1 + -32.
-28
What is the value of -1 + -92 + 37882 + -37879?
-90
Calculate (0 - 1) + 11 + (-6 - (80 + -110)).
34
Calculate 53 - (3 + -5 + (-5 - -4)) - (220 + -223).
59
-1 - 2 - (-10 + (-9 - -36) + -44)
24
(33 - 0) + (8 - (10 + -6 + 4 + -2))
35
What is -120 - ((-93 - -69) + (6 - 1) + 32)?
-133
Calculate -60 - (209 + -260 - (-34 + 0)).
-43
-125 - (-178 - -75) - (1 - (-4 + 90))
63
Evaluate 5 + (-6 - (-2 - 3)) + 22.
26
Evaluate (2 - 8 - (-40 - (-12 + -25))) + -8 + 2.
-9
28 + 7 - (89 - 41)
-13
Calculate -83 + -3 - (-2 - 1) - -7.
-76
Evaluate 2 + -31 + (-8 - (13 + -24) - 8).
-34
Evaluate -5 + 3 + (-806 - -823).
15
What is -250 + 103 - -82 - (0 + 2)?
-67
(-10 - (0 + -4 - -21)) + -49 + 47
-29
Evaluate -29 + (123 - 154 - (-2 + -37)).
-21
What is (0 + 0 - -4 - (11200 + -11212)) + 61?
77
Calculate 5 + -5 + (-29 - -35) + -75 - -14.
-55
Calculate (-16 + -16 - (-21 - -13)) + 37.
13
Evaluate -22 + 2 + (-42 - -101 - 60).
-21
Evaluate -1 - -18 - ((13 - 43) + -28).
75
What is -2 - (-8 + (26 - (3 - -9))) - (-77 + 1)?
68
Evaluate -6 + 45 + -165 + 65.
-61
What is -2 + 52 + -219 + 182 + 57?
70
Evaluate (40 - 1 - -1) + (108 + -133 - (-33 - 1)).
49
9 - ((33 - 2) + -12) - (-2 + (-1 - -58))
-65
What is -19 - (22 + -4 + 25 + -19 + -58)?
15
12 + 38 + -225 + (14 - -25)
-136
What is (-136 - 6 - -134) + (14 - -2 - (-2 + 5))?
5
Evaluate -102 - -59 - (6 - -23) - 11.
-83
Evaluate (-23 + -6 + 5 - (1 - 12)) + -2.
-15
46 + 3 + (-36 - -26 - -19) + -3 + -4
51
What is the value of -22 + -1 - (-7 - 12) - (2 - -4)?
-10
What is the value of 33 - -23 - 21 - 39?
-4
148 + (56 - 109) + -70
25
-4 + -2 + 1 - (-6 + -4 + (10 - 28))
23
Calculate (26 - -2) + -35 + (21 - 10 - -17).
21
Evaluate 46 - -12 - 38 - 6.
14
-4 + (-4 - ((-2 - (-1 + 2)) + (775 - 683)))
-97
What is the value of (-17 - (2 - 2)) + (-21 + -131 - -120)?
-49
Calculate (22 - -7) + (-28 - -19) + -4 + 101.
117
What is the value of -2 - (10 + (6 - (55 - 12) - 14) - 9)?
48
What is the value of (-723 - -791) + -73 + 1 + (1 - -78)?
75
What is -2 - (-28 - -15) - (-5 - -6 - 3 - -67)?
-54
Evaluate 60 + (-127 - (-68 + -52)).
53
Evaluate -34 - (-5 - (-5 + 6)).
-28
-1 + -15 - (-54 - -97 - 40)
-19
Calculate (12 - 15) + -13 - 12 - -57.
29
What is 37 - (5 + (-17 - -1)) - 6?
42
What is the value of -25 - (-40 + -3 + (-20 - -7))?
31
Evaluate 0 + 8 - (36 + 8 + (-12 - -13) + -19).
-18
Evaluate (-34 - (-32 + 42 + -45)) + (9 - 2).
8
Evaluate -112 - 2 - -10 - -166.
62
(42 + -68 - -12) + (5 - 30)
-39
Evaluate (-93 - (45 - 57)) + 60.
-21
What is (7 - 11) + (-6 - 4) + -25 + 5?
-34
Evaluate -20 + -4 + 4 - (-3 - (-7 - (-2 + -1))).
-21
36 - (0 - (-1 - (16 + 10 - 11)))
20
Evaluate -5503 - -5508 - (-43 + -1).
49
(-163 - 2) + 206 + -234 + 57
-136
Calculate 105 - (77 - 33) - 76.
-15
Evaluate -104 + (-105 - (87 + -319)).
23
Calculate (35 - (3 - -13)) + (-104 - (7 - 4)).
-88
Calculate -7 - ((-50 - -60 - 25) + (2 - -2) + -48).
52
What is -8 + 8 + 205 + -194?
11
Calculate 1 + (23 - (66 - 79)).
37
What is the value of -240 - -243 - (1 + -5 + (56 - 4))?
-45
(-110 - -58) + 33 + -52
-71
26 + (-16 - (58 + -24 + -14))
-10
18 - (-168 - -68) - 55
63
-19 + -2 - (30 - 65 - -22) - -89
81
Evaluate (-3 - 79) + 65 + 62.
45
What is the value of -2 - ((0 + -9 - (-9 - -7)) + 10 - -18)?
-23
Calculate 16 + 7 + (46 + -49 + (2 - -13) - 5).
30
-466 - -461 - (-15 + -22)
32
What is 105 + -122 - (-9 + -2) - (-64 + 2)?
56
Evaluate 11 + (-12 + 22 + -5 - -9).
25
Calculate -7 + -1 - (-18 + 21 - 12) - -4.
5
Calculate -27 - (-36 - -45 - 63).
27
What is the value of -29 - (189 + -1 + -119)?
-98
What is 1 - (1 - (-21 - -19) - 124)?
122
(6 - -61) + 9 - 111
-35
Evaluate (1 - (-14 + (-83 - -15))) + 0 + -13.
70
What is 46 - (-2 - (175 + -174 - (0 + 0)))?
49
Calculate (6 - (-9 + 119)) + -256 + 258.
-102
9 + (0 - (3 - (-16 + 3)))
-7
What is the value of -12 + 4 - (4 - (0 - 22))?
-34
Evaluate (112 - (5 + -4 + (-6 - -7))) + (-453 - -459).
116
What is 385 + -395 - (17 + 0 + 4 + -2)?
-29
15 + -5 - ((-102 - -219) + -163)
56
Evaluate 2 - (5 + 11) - (-7 + 20 + 50).
-77
1 - 1 - ((-306 - -154) + 210)
-58
-72 + (109 - -58) + -104
-9
Calculate -8 - (-1 + 2 - (15 + -27)).
-21
1 + -9 + -1 + (38 - 21) + 1 + 7
16
1 - 7 - (258 - (160 - -71))
-33
What is -28 - (-12 + -35) - 18?
1
What is -5 + 2 + (-15 - (-15 + 3 + 6))?
-12
0 + (-90 - -2) - (4 + -30 + -41 + 77)
-98
Evaluate 81 - (-19 - -130 - 61).
31
What is the value of 106 - ((-14 - -1) + (20 - 14) + 9) - -6?
110
What is (0 + -23 - 1) + (-55 - (-53 - (-15 + 26)))?
-15
(4 - 2 - -10) + -65 + (-82 - -60) + -2
-77
What is (165 - 96) + (-20 - -18)?
67
What is -25 + (32 - 51) + -8 + (7 - 6)?
-51
(178 - 75) + -42 - (-4 + 14)
51
Calculate -12 + -1 - ((33 - -1) + -340 + 163).
130
What is the value of 52 + ((-1 - -2) + 5 - (145 - 150) - 6)?
57
Calculate -15 + (-3 - -32) + 68 + -89.
-7
27 - (56 - (-29 + 48))
-10
What is (-5 - (-15 + 6)) + -8 + (61 - (-2 - -9))?
50
Evaluate (114 - 116) + (-1 + 41 - (3 - (-3 - -5))).
37
Evaluate -4 + 0 - (-2 + 53 - ((-1 - 1) + -8)).
-65
What is the value of -1 - 1 - (-37 + -46 + 129 + -13)?
-35
-54 - -88 - 75 - (2 + 6 + -1)
-48
Calculate (17 + -14 - 21 - -11) + 10 - (-40 + -2).
45
Calculate 19 + -46 + -24 + 19 - -15.
-17
Evaluate 1 + 76 + -49 + 12 + 4.
44
-1 + -103 - -83 - (2 - -29)
-52
Calculate -5 + 23 + -25 + (0 + -13 - 7).
-27
Calculate 10 + -73 - 0 - -3.
-60
Evaluate (2 - -9) + (-108 - -266 - 208).
-39
Evaluate 5 + (21 - -4) - -5 - (2 + 14 + -5).
24
Calculate -40 + (-64 - -48 - -93).
37
Evaluate -47 - ((18 - (-4 + 26)) + 12).
-55
57 - (12 + -2 - (46 - 26 - 6))
61
What is 32 + 22 + -30 + 8 + (1 - (-2 + 1))?
34
What is -4547 + 4625 - (3 + -2)?
77
What is 667 + -524 - (49 - (3 + -3))?
94
Evaluate -8 - (-10 + (-15 - -26)) - (-14 - -11 - -140).
-146
Calculate 82 - (65 + -7 - -77).
-53
What is -1 - (-16 + 12 + 135 + (1 - 22))?
-111
(-4 + -23 + -6 - -26) + (43 - 1)
35
Calculate (-4 - 8 - (0 + 2)) + 154 + -151 - -27.
16
-128 + 13 + 3 - (9 - (23 + -25))
-123
Evaluate (-32 - -23) + 6 + 43 - (-1 - -3 - -3).
35
16 + 17 + (-60 - 42)
-69
-22 + -9 + 11 + 9
-11
Calculate (203 - 215) + (2 - 3) + -22.
-35
Calculate 4 - -13 - (19 + -17 + 13).
2
-44 + 48 - 5 - (-115 + 16)
98
Evaluate 0 + 6 + (4391 - 4391).
6
-9 - (-24 + 3) - -2 - 5
9
Evaluate (3 - 10) + (-3 - -23) + -45 - -6.
-26
Evaluate (-414 - -357) + (-4 - -3 - 6).
-64
50 + (-2 - (30 - 47)) - 23
42
Evaluate (-4 - 6) + -281 + 272 + 1 + -17.
-35
Evaluate (-32 - -109) + -5 - 37 - (1 - 19).
53
Evaluate 124 + -47 + 14 + -30.
61
(-38 - 4) + (2466 - 2409)
15
What is -9 + 2 + (0 + 27 - (-52 - (-13 - 31)))?
28
What is the value of -181 + (-22 - -94) + (-3 - -2)?
-110
What is the value of -33 + 0 - (-3303 + 3246) - (-1 + 24)?
1
What is -70 + 55 - -51 - 36?
0
What is -5 + -14 - (-557 - -481)?
57
What is the value of (-30 - (-43 - -19)) + 14?
8
Calculate ((2 - 19) + 20 - -45) + -13 + 1.
36
What is the value of -8368 + 8296 + (67 - 2)?
-7
Calculate -3 - (-11 + 5 + -6 + 5 - 0).
4
Calculate 0 + 17 + (-91 - (-93 - -57)).
-38
Evaluate (44 - (11 + 52)) + 7.
-12
Calculate (-4 - -8 - -4) + -32 + -27.
-51
Calculate 65 + (